at is the value of 9 + 15 - 40 - (-6 + -1) - -53?
44
-2 - 2 - (-52 - (1 + -1) - (37 - 33))
52
Calculate -18 - (-16 - -33) - (-10 - (-3 + 1)).
-27
Calculate 73 - (0 + 7) - 5 - (-1 + -3 - 3).
68
Calculate 36 + -2 + (-255 - -187).
-34
What is the value of -39 + 35 + -21 + (-15 - -13 - (-3 - -3))?
-27
Evaluate 0 + 2 - (3 - 11) - (21 - 55 - -46).
-2
What is the value of 12 - (12 + -43) - 104?
-61
What is the value of -8 + -86 + (-12 - (22 - (-6 + 30)))?
-104
What is the value of 34 + -18 + 1 + -10 - 41?
-34
What is (9 - (3 - 1)) + (13 - (45 + -11))?
-14
-1063 + 1104 - (11 - 0)
30
What is the value of 9 - (-23 - (-71 + 43 + -30))?
-26
What is 4 + 2 + -2 + 1 + 1 + -26716 + 26645?
-65
Evaluate 199 + -190 + (4 - 87) - (0 + -3).
-71
What is the value of (24 - 19) + -27 + 11 + (2 - -73)?
64
What is the value of -120 + (29 - -94) + (-1 - (2 + 0 + -35))?
35
(1 - 1 - -12 - 6) + -2 + (3 - 8)
-1
What is (5 - 9) + 6 - (162 + -184)?
24
What is the value of -2 - 9 - (2 - -1 - -10 - -14)?
-38
What is the value of (0 - -28) + -28 - (0 + -66) - -9 - 12?
63
What is the value of -8 + (-9 + -15 - -1 - (0 + -15)) + 122?
106
What is (-2 - (-12 - -5 - -24)) + 70?
51
What is (-5 - 66) + 79 + 1 + -16?
-7
Calculate 17 - (2 - (-21 - 45 - (16 + -5))).
-62
Evaluate 15 + (76 + -35 - 6).
50
Evaluate -14 + -17 + 3 + 17 + 41.
30
(3 - (37 - -6)) + 79
39
What is (-19 - (-4 - 0) - ((26 - 20) + -24)) + -12?
-9
What is the value of (-13 - -12 - 11) + 10 + 29?
27
What is (-212 + (10 - -45) - -45) + (12 - (0 - -2))?
-102
What is 10 + -8 + (-12 - (0 - -5)) + -25?
-40
-83 + (-36 - (-49 + -14) - 32)
-88
What is the value of -12 + 38 - (85 + -15 + -153)?
109
106 - 25 - 92 - -90
79
What is -60 - ((54 - 50) + -111)?
47
Calculate (0 - 9) + (113 - 27) + -43.
34
What is 15 - (8 + (-53 + 22 - -22) + 144)?
-128
Calculate 211 - (128 - -78) - (0 + -76).
81
3 + ((6 - -6) + -13 - (-3 + (4 - -2)))
-1
What is the value of -65 + 1 + -1 - (1728 - 1736)?
-57
Calculate -13 - (60 + -35 + -11).
-27
Calculate (-5 - -1) + (23 - 0) + (-587 - -635).
67
What is (-1 - 26) + (-77 - (-277 - -310))?
-137
What is 129 + (18 - 5 - 22) - (-1 + 7 + 5)?
109
16 + -69 + (13 - 1) + 6 - 1
-36
Calculate 5 + -4 + 7 + -10 - (62 - -63).
-127
Calculate -79 - (-20 + (9 - -5)) - (-8 - -8 - 6).
-67
What is 13 - 1 - (-1 - -13 - -14 - 19)?
5
Calculate -65 + 2 - (529 + -501).
-91
Calculate -1 + 12 + (-12 + (-10 - -2) - 1).
-10
Calculate -164 + (152 - (65 + -16)).
-61
1 - -28 - (-168 - (-83 + -145))
-31
What is the value of (6 - -1 - -82) + -6 - ((-19 - -27) + 1)?
74
What is 117 + 75 + -305 - -69?
-44
Calculate -33 - (-3 - -9 - (-262 + 298)).
-3
What is -3 + (5 - 5) + -7 + (40 - 31)?
-1
What is -95 - (-21 - (83 + -58))?
-49
682 - 716 - (-10 + -114)
90
What is -42 - ((-73 - 6 - -62) + (0 - -7))?
-32
Calculate -74 + 114 + 22 - (1 - 4) - 21.
44
Evaluate -128 + (-79 - 21) + 168.
-60
Evaluate 0 - -1 - 0 - 40 - (85 - (-21 - -113)).
-32
Calculate -55 + -102 + 228 + -100.
-29
Evaluate (-61 + 19 - -109) + (-14 - -2).
55
What is the value of (22 - (24 - -33)) + 25?
-10
-3 + -32 + -13 + 12 + -1 + -8
-45
(-24 - -1) + (-4668 - -4640)
-51
(-49 - (-20 - -16) - -8) + -2 + -11
-50
Evaluate 34 + 0 + (-33 - (-261 + 219)).
43
Evaluate (-3 - -2) + 11 + 5 + 1 + -56 + -4.
-44
Evaluate 2 + -2 + (-5 + -11 - -11) + -15.
-20
What is the value of (-2 - -40) + (307 - 395)?
-50
Evaluate 6 + 11 - (549 + -452).
-80
What is -2 - 1 - ((-1 - -19) + (26 - (37 - -118)))?
108
What is (-12 - -8) + (2 - 4 - (-6 + -4)) + -86?
-82
Evaluate (63 - 21) + (-6 + -4 + 10 - -10).
52
What is the value of -64 + (-18 - (-43 + 23 + -11))?
-51
Calculate (2772 - 2785) + (2 - (104 + (-1 + 0 - -2))).
-116
Evaluate -31 - -1 - (-1 + (81 - 63)).
-47
What is the value of 8 + (-1 - -1) - ((62 + -27 - 76) + 23)?
26
What is the value of 73 - (83 + 44) - -122?
68
Calculate 199 + -111 - (-14 - -144).
-42
Calculate -15 + (-21 - 0 - (-426 - -372)).
18
321 - 314 - (-2 + (2 - -2) + -11)
16
What is the value of 2 + 33 - (-1012 + 1096)?
-49
Evaluate 737 + -725 + (-81 - 2).
-71
-84 + (-73 - -81 - -68)
-8
What is (98 - 161) + -9 + 128?
56
Calculate -37 - (17 + (52 - 116)).
10
Calculate (100 - (5 - -16)) + 12 - -19 - 6.
104
Calculate 28 - (-40 + 29 + 25).
14
What is -106 + 26 + 140 - -57?
117
Evaluate (-21 - 10) + 31 + -41.
-41
Evaluate (-68 - (-94 + 58)) + -1 + 10.
-23
What is 1 - 37 - (-1609 - -1620)?
-47
Calculate (36 - (55 - 38)) + (-1 - -17).
35
Calculate 2 - (4 + 20 + -1 - 41) - 19.
1
-60 + (0 - (1 + -2)) + (710 - 268) + -446
-63
Calculate -3 + (-54 + -1 - -35).
-23
Evaluate (-4 + -28 - -11) + 3 + 27.
9
What is (3 - 5) + -258 + 244 - 89?
-105
Calculate -87 - -18 - (16 + (-8 - (-4 - -3) - -5)).
-83
What is (-49 - 7) + 56 + (-4 + 3 - 27)?
-28
-3 - (-21 - (0 + 1))
19
(1 - -20) + -26 + (5 + -6 - -34)
28
What is 39 - (-33 + 85 - -25)?
-38
What is the value of (-9 - -17) + (12 + -19 + -115 - -9)?
-105
Calculate (-5262 - -5270) + (1 - 65).
-56
What is the value of 1250 + -1235 + (-4 - (-13 + -2 + -2))?
28
Evaluate -66 - -121 - (114 - -3).
-62
What is the value of (3 - 14 - -1) + (4 + 29 - (14 + -48))?
57
-1693 - -1696 - (1 - -1)
1
What is the value of -102 + 31 + 0 + (-18 - -25)?
-64
Evaluate -15 - (6 - (111 + -1 - (2 - -31 - 34))).
90
-53 - 0 - (-517 - -461)
3
What is the value of (6 - 7) + -7 + 2 - 7 - -16?
3
What is the value of 29 - (-2 + 5 - (-100 + 84))?
10
Calculate 4 + -111 - (86 + -78 - (-5 - -2 - -10)).
-108
-506 - -567 - (10 - 0)
51
Calculate 11 - (0 - -1) - (11 - -50 - 57 - 2).
8
What is (1 - (0 + 7)) + -36 + (-28 - -44) - 6?
-32
Calculate 10 + (-5 - -19 - 8) + -29.
-13
What is the value of (-9 - 34) + 196 + -198?
-45
12 + (16 + -53 + 20 - -35)
30
What is -56 + 301 + -116 + -81?
48
Evaluate 76 + (3 - (-42 - -37)) + (-3 - (6 + -3)).
78
-10 - (-5 - (60 + -64))
-9
What is the value of 1 + -5 + (111 - 27 - (15 + -10 - 13))?
88
What is 52 + -1 - (659 + -597)?
-11
Calculate -78 + (-20 - -13) + -26 + 31.
-80
Evaluate 86 + 9 + (2 + -5 + 9 - 6) + -11.
84
13 - (-3 - ((-32 - (7 + -4) - 2) + 7))
-14
Calculate (-3 + -4 + 9 - -39) + (-3 - 7).
31
Calculate (71 - -8) + (-2207 - -2010).
-118
What is the value of (57 - 168 - -65) + (3 - -2)?
-41
What is the value of (1 - (3 + -9)) + ((-3 - 43) + 9 - -15)?
-15
What is 403 + -474 + (-21 - ((-4 - -6) + -5))?
-89
Calculate 9 - (3 - (-1 + 5 + -5 + -8) - 0).
-3
What is (52 - -19) + -14 - (-20 - -16 - (-1 + -10))?
50
What is -111 - -111 - (-1 + -30)?
31
What is the value of (-74 - -61 - (-5 + 3)) + (5 - 1 - -96)?
89
What is (9 + (-17 - -9) - 20) + (3 - (-1 + 6))?
-21
Evaluate (0 + 21 + -4 - (534 + -500)) + -64.
-81
What is 467 + -361 - (7 + (-4 + -4 - -9))?
98
What is (1 + 1 - -1) + -11 + (-13 - -6) + 0?
-15
Calculate (41 - 6) + -9 - 39 - (8 - -3).
-24
(-4 - -66) + (-17 + (-2 - -12) - -1)
56
What is the value of (-1 - (-1 + 11)) + 1935 + -2006 + 5 + -20?
-97
Evaluate (1 - -5 - (2 + 7 - 4)) + -3 - -35.
33
18 + (2 - (-17 - (-13 - -6))) - (-3 + 8)
25
Calculate -121 + 13 + 195 + -12 + 2.
77
Calculate -3 - -10 - 120 - (-4 - -15 - 19).
-105
(27 - 18) + -143 + 5 + -45 + 60
-114
Calculate (-81 - -122) + 48 - 78.
11
-10 + -7 + (70 - 0) + -2
51
What is the value of (11 + 0 - (208 - 188)) + (92 + 4 - -4)?
91
What is -9 + (-9 - -6) + -1 - 8 - (-5 + -5)?
-11
What is -85 - (8 - (31 + 26 + -18))?
-54
What is 5 + (7 + 0 - (9 + -18)) + 45?
66
What is (-7102 - -6970) + 131 + 0?
-1
Evaluate 6 - (31 - (-10 + 76) - -29).
12
-33 - 0 - (24 - (28 + -2))
-31
1 + -90 + (25 - 67 - -32 - (-2 - 13))
-84
Evaluate 189 + (-118 - -2) - 51.
22
What is the value of (152 + -79 - 32) + 28?
69
-20 + (92 - (21 - -13))
38
What is 11 + (-10 - 13) + 15 - 14?
-11
-20 - (11 + (-14 - (-7 + -24 + 10)))
-38
Evaluate -184 + 182 - (-1 - (-47 - -3)).
-45
Evaluate 5 - (13 - (-12 - (-2 - -58)) - (-9 - -4)).
-81
-38 + (-24 - -53) - ((-4 - 31) + 2)
24
What is 25 + (3 - 62) + 0?
-34
What is the value of 45 + (-30 - 0) + 43?
58
What is 6 - (-13 + ((16 - 3) + -2 - 7))?
15
What is -8 + -45 + 34 - (-18 - -6)?
-7
What is (-60 + -26 - -57) + 14?
-15
-52 + 170 + -331 + 92
-121
Calculate (-7 - (197 - 122)) + 138.
56
What is 96 + -45 + 3 + -51?
3
Calculate -12 - -1 - (-11 + (4 - (-5 + 2)) + -77).
70
Calculate -2 - 21 - ((-1 - -5) + -20).
-7
What is 252 + -89 - 126 - -1?
38
(2 - (5 - 3)) + -7 + 10 + (12 - -1)
16
36 - (21 + 30 + -10)
-5
